{"id":6744,"date":"2024-09-24T13:16:26","date_gmt":"2024-09-24T16:16:26","guid":{"rendered":"https:\/\/clickscertos.com.br\/loja_online\/?post_type=product&#038;p=6744"},"modified":"2025-07-15T12:19:07","modified_gmt":"2025-07-15T15:19:07","slug":"021-100-mil-links-grupos-de-whatsapp-atualizado","status":"publish","type":"product","link":"https:\/\/clickscertos.com.br\/loja_online\/produto\/021-100-mil-links-grupos-de-whatsapp-atualizado\/","title":{"rendered":"021 -100 Mil links \u2013 Grupos de Whatsapp Atualizado"},"content":{"rendered":"<p>100 Mil links de grupos para whatsapp.<\/p>\n<p>V\u00e1rias categorias para facilitar suas divulga\u00e7\u00f5es.<\/p>\n<p>Grupos Atualizados.<\/p>\n<p>Aproveite a promo\u00e7\u00e3o e adquira seu super pacot\u00e3o.<\/p>\n","protected":false},"excerpt":{"rendered":"<p>100 Mil links \u2013 Grupos de Whatsapp Atualizado<\/p>\n<p>100 Mil links de grupos para whatsapp. V\u00e1rias categorias para facilitar suas divulga\u00e7\u00f5es. Grupos Atualizados. Aproveite a promo\u00e7\u00e3o e adquira seu super pacot\u00e3o. Receba imediatamente!<\/p>\n","protected":false},"featured_media":6733,"template":"","meta":{"_acf_changed":false,"_joinchat":[]},"product_brand":[],"product_cat":[244],"product_tag":[],"class_list":{"0":"post-6744","1":"product","2":"type-product","3":"status-publish","4":"has-post-thumbnail","6":"product_cat-produtos-digitais","8":"first","9":"instock","10":"sale","11":"downloadable","12":"virtual","13":"purchasable","14":"product-type-simple"},"acf":[],"jetpack_likes_enabled":true,"jetpack_sharing_enabled":true,"_links":{"self":[{"href":"https:\/\/clickscertos.com.br\/loja_online\/wp-json\/wp\/v2\/product\/6744","targetHints":{"allow":["GET"]}}],"collection":[{"href":"https:\/\/clickscertos.com.br\/loja_online\/wp-json\/wp\/v2\/product"}],"about":[{"href":"https:\/\/clickscertos.com.br\/loja_online\/wp-json\/wp\/v2\/types\/product"}],"wp:featuredmedia":[{"embeddable":true,"href":"https:\/\/clickscertos.com.br\/loja_online\/wp-json\/wp\/v2\/media\/6733"}],"wp:attachment":[{"href":"https:\/\/clickscertos.com.br\/loja_online\/wp-json\/wp\/v2\/media?parent=6744"}],"wp:term":[{"taxonomy":"product_brand","embeddable":true,"href":"https:\/\/clickscertos.com.br\/loja_online\/wp-json\/wp\/v2\/product_brand?post=6744"},{"taxonomy":"product_cat","embeddable":true,"href":"https:\/\/clickscertos.com.br\/loja_online\/wp-json\/wp\/v2\/product_cat?post=6744"},{"taxonomy":"product_tag","embeddable":true,"href":"https:\/\/clickscertos.com.br\/loja_online\/wp-json\/wp\/v2\/product_tag?post=6744"}],"curies":[{"name":"wp","href":"https:\/\/api.w.org\/{rel}","templated":true}]}}