{"id":6735,"date":"2024-09-24T12:20:50","date_gmt":"2024-09-24T15:20:50","guid":{"rendered":"https:\/\/clickscertos.com.br\/loja_online\/?post_type=product&#038;p=6735"},"modified":"2025-07-15T12:18:38","modified_gmt":"2025-07-15T15:18:38","slug":"018-script-site-pronto-iptv-responsivo-com-painel-adm","status":"publish","type":"product","link":"https:\/\/clickscertos.com.br\/loja_online\/produto\/018-script-site-pronto-iptv-responsivo-com-painel-adm\/","title":{"rendered":"018 -Script site pronto \u2013 Iptv responsivo com painel adm"},"content":{"rendered":"<p>Site para Venda de IPTV Streaming de V\u00eddeo 100% responsivo em PHP MySQL com Painel Administrador, f\u00e1cil edi\u00e7\u00e3o pelo painel, feito em PHP 5.6 a 7.0 MySQL, utilizando os Framework Bootstrap v3.3.7 e Font Awesome 5.7.0 para agiliza maior performance de navega\u00e7\u00e3o.<br \/>\nCompat\u00edvel com os principais navegadores Google Chrome, Opera, Firefox (Mozilla), Edge, Outros..<\/p>\n<p>Layout Responsivo<br \/>\nF\u00e1cil de Usar<br \/>\nTotalmente Edit\u00e1vel<br \/>\nC\u00f3digo Fonte Aberto. ( O sistema est\u00e1 todo em c\u00f3digo aberto , sendo poss\u00edvel a modificar ou ajustar conforme sua necessidade. )<\/p>\n","protected":false},"excerpt":{"rendered":"<p>Script site pronto \u2013 Iptv responsivo com painel adm<\/p>\n<p>REQUISITOS PARA INSTALA\u00c7\u00c3O: \u2013 Servidor Linux com cPanel da (cpanel.com) \u2013 PHP 5.6 ao 7.4 \u2013 MySQL \u2013 Apache \u2013 phpMyAdmin FUN\u00c7\u00d5ES DO GERENCIADOR DE CONTE\u00daDOS: \u2013 Banners ( Slides ) \u2013 Altere todas as cores ( Qualquer Cor ) \u2013 Caracter\u00edsticas \u2013 V\u00eddeos \u2013 D\u00favidas Frequentes \u2013 Configura\u00e7\u00f5es \u2013 Planos \u2013 Formul\u00e1rio de Contatos \u2013 Blocos \u2013 Capas de Filmes ( Slides ) \u2013 Imagens \u2013 Layout Paginas \u2013 Layout Rodap\u00e9 \u2013 Layout Topos \u2013 Layout \u2013 Itens \u2013 Contador \u2013 Redes Sociais \u2013 Textos \u2013 Crie Permiss\u00f5es de Usu\u00e1rios \u2013 Widgets ( Campo para inserir )<\/p>\n","protected":false},"featured_media":6730,"template":"","meta":{"_acf_changed":false,"_joinchat":[]},"product_brand":[],"product_cat":[244],"product_tag":[],"class_list":{"0":"post-6735","1":"product","2":"type-product","3":"status-publish","4":"has-post-thumbnail","6":"product_cat-produtos-digitais","8":"first","9":"instock","10":"sale","11":"downloadable","12":"virtual","13":"purchasable","14":"product-type-simple"},"acf":[],"jetpack_likes_enabled":true,"jetpack_sharing_enabled":true,"_links":{"self":[{"href":"https:\/\/clickscertos.com.br\/loja_online\/wp-json\/wp\/v2\/product\/6735","targetHints":{"allow":["GET"]}}],"collection":[{"href":"https:\/\/clickscertos.com.br\/loja_online\/wp-json\/wp\/v2\/product"}],"about":[{"href":"https:\/\/clickscertos.com.br\/loja_online\/wp-json\/wp\/v2\/types\/product"}],"wp:featuredmedia":[{"embeddable":true,"href":"https:\/\/clickscertos.com.br\/loja_online\/wp-json\/wp\/v2\/media\/6730"}],"wp:attachment":[{"href":"https:\/\/clickscertos.com.br\/loja_online\/wp-json\/wp\/v2\/media?parent=6735"}],"wp:term":[{"taxonomy":"product_brand","embeddable":true,"href":"https:\/\/clickscertos.com.br\/loja_online\/wp-json\/wp\/v2\/product_brand?post=6735"},{"taxonomy":"product_cat","embeddable":true,"href":"https:\/\/clickscertos.com.br\/loja_online\/wp-json\/wp\/v2\/product_cat?post=6735"},{"taxonomy":"product_tag","embeddable":true,"href":"https:\/\/clickscertos.com.br\/loja_online\/wp-json\/wp\/v2\/product_tag?post=6735"}],"curies":[{"name":"wp","href":"https:\/\/api.w.org\/{rel}","templated":true}]}}