{"id":151,"date":"2024-01-05T21:34:32","date_gmt":"2024-01-06T00:34:32","guid":{"rendered":"https:\/\/clickscertos.com.br\/loja_online\/?post_type=product&#038;p=151"},"modified":"2025-06-09T11:23:28","modified_gmt":"2025-06-09T14:23:28","slug":"004-portainer-pro-max","status":"publish","type":"product","link":"https:\/\/clickscertos.com.br\/loja_online\/produto\/004-portainer-pro-max\/","title":{"rendered":"004 -Portainer Pro-max"},"content":{"rendered":"<p>Portainer Pro-max<br \/>\nTudo na mesma VPS.<br \/>\nWhaticket, Portainer, Typebot entre outros sistemas.<\/p>\n<p>TODOS OS SISTEMAS INSTALADOS EM UM \u00daNICA VPS. <\/p>\n<p>Sistema com Portainer Swarm + Traefik + os sistemas abaixo:<\/p>\n<p>N8N<br \/>\nREDIS<br \/>\nNOCODB<br \/>\nTYPEBOT<br \/>\nPOSTGRES<br \/>\nCHATWOOT<br \/>\nPG-ADMIN<br \/>\nPERFEX CRM<br \/>\nAPI EVOLUTION<br \/>\nMINIO STORAGE<br \/>\nMYSQL\/PHPMYADMIN<br \/>\nWORDPRESS (VARIAS INSTANCIAS)<br \/>\nSITES\/SCRIPTS\/PAINEIS PHP\/HTML COM BANCO DE DADOS<br \/>\nSTACK DO WHATICKET* PRO-MAX*<br \/>\n*CODIGO FONTE VENDIDO A PARTE DEPENDENDO DO PLANO ESCOLHIDO.<\/p>\n<p>&#8212;&#8212;&#8212;&#8212;&#8212;&#8212;&#8212;&#8212;&#8212;&#8212;&#8212;&#8212;&#8212;&#8212;&#8212;&#8212;&#8212;&#8212;&#8212;&#8212;>>>><\/p>\n<p>PRE\u00c7OS<\/p>\n<p>\ud83d\udc49 PLANO 01 -VALOR DE 199,85<\/p>\n<p>\ud83d\udc69\u200d\ud83e\uddb0 &#8211; Pagamento \u00fanico.<br \/>\n\u2705 &#8211; Os sistemas ser\u00e1 seu para sempre.<\/p>\n<p>\ud83d\udc69\u200d\ud83e\uddb0 &#8211; Voc\u00ea ter\u00e1 acesso por 1 ano a \ud83d\udc47.<br \/>\n\u2705 &#8211; C\u00f3digos fontes, arquivos e atualiza\u00e7\u00f5es.<br \/>\n\u2705 &#8211; Tutoriais de instala\u00e7\u00f5es e configura\u00e7\u00f5es em videos e textos.<br \/>\n\u2705 &#8211; Acesso ao nosso suporte avan\u00e7ado com t\u00e9cnicos altamente qualificados.<\/p>\n<p>\u2705 &#8211; INSTALA\u00c7\u00d5ES FEITA POR COMPRADOR DO SISTEMA.<br \/>\n\u2705 &#8211; *CODIGO FONTE WHATICKET* PRO-MAX* VENDIDO A PARTE.<\/p>\n<p>&#8212;&#8212;&#8212;&#8212;&#8212;&#8212;&#8212;&#8212;&#8212;<\/p>\n<p>\ud83d\udc49 PLANO 02 -VALOR DE 299,85<\/p>\n<p>\ud83d\udc69\u200d\ud83e\uddb0 &#8211; Pagamento \u00fanico.<br \/>\n\u2705 &#8211; Os sistemas ser\u00e3o seu para sempre.<\/p>\n<p>\ud83d\udc69\u200d\ud83e\uddb0 &#8211; Voc\u00ea ter\u00e1 acesso por 1 ano a \ud83d\udc47.<br \/>\n\u2705 &#8211; C\u00f3digos fontes, arquivos e atualiza\u00e7\u00f5es.<br \/>\n\u2705 &#8211; Tutoriais de instala\u00e7\u00f5es e configura\u00e7\u00f5es em videos e textos.<br \/>\n\u2705 &#8211; Acesso ao nosso suporte avan\u00e7ado com t\u00e9cnicos altamente qualificados.<\/p>\n<p>\u2705 &#8211; INSTALA\u00c7\u00d5ES FEITA POR NOSSO TECNICOS.<br \/>\n\u2705 &#8211; *CODIGO FONTE WHATICKET* PRO-MAX* VENDIDO A PARTE.<\/p>\n<p>&#8212;&#8212;&#8212;&#8212;&#8212;&#8212;&#8212;&#8212;&#8212;<\/p>\n<p>\ud83d\udc49 PLANO 03 -VALOR DE 399,85<\/p>\n<p>\ud83d\udc69\u200d\ud83e\uddb0 &#8211; Pagamento \u00fanico.<br \/>\n\u2705 &#8211; Os sistemas ser\u00e3o seu para sempre.<\/p>\n<p>\ud83d\udc69\u200d\ud83e\uddb0 &#8211; Voc\u00ea ter\u00e1 acesso por 1 ano a \ud83d\udc47.<br \/>\n\u2705 &#8211; C\u00f3digos fontes, arquivos e atualiza\u00e7\u00f5es.<br \/>\n\u2705 &#8211; Tutoriais de instala\u00e7\u00f5es e configura\u00e7\u00f5es em videos e textos.<br \/>\n\u2705 &#8211; Acesso ao nosso suporte avan\u00e7ado com t\u00e9cnicos altamente qualificados.<\/p>\n<p>\u2705 &#8211; ENVIO DO CODIGO FONTE DO WHATICKET PRO-MAX.<br \/>\n\u2705 &#8211; INSTALA\u00c7\u00d5ES FEITA POR COMPRADOR DO SISTEMA.<\/p>\n<p>&#8212;&#8212;&#8212;&#8212;&#8212;&#8212;&#8212;&#8212;&#8212;<\/p>\n<p>\ud83d\udc49 PLANO 03 -VALOR DE 499,85<\/p>\n<p>\ud83d\udc69\u200d\ud83e\uddb0 &#8211; Pagamento \u00fanico.<br \/>\n\u2705 &#8211; Os sistemas ser\u00e3o seu para sempre.<\/p>\n<p>\ud83d\udc69\u200d\ud83e\uddb0 &#8211; Voc\u00ea ter\u00e1 acesso por 1 ano a \ud83d\udc47.<br \/>\n\u2705 &#8211; C\u00f3digos fontes, arquivos e atualiza\u00e7\u00f5es.<br \/>\n\u2705 &#8211; Tutoriais de instala\u00e7\u00f5es e configura\u00e7\u00f5es em videos e textos.<br \/>\n\u2705 &#8211; Acesso ao nosso suporte avan\u00e7ado com t\u00e9cnicos altamente qualificados.<\/p>\n<p>\u2705 &#8211; ENVIO DO CODIGO FONTE DO WHATICKET PRO-MAX.<br \/>\n\u2705 &#8211; INSTALA\u00c7\u00d5ES FEITA POR NOSSO TECNICOS.<\/p>\n<p>&#8212;&#8212;&#8212;&#8212;&#8212;&#8212;&#8212;&#8212;&#8212;&#8212;&#8212;&#8212;&#8212;&#8212;&#8212;&#8212;&#8212;&#8212;&#8212;&#8212;>>>><\/p>\n<p>SISTEMA NECESSARIOS<br \/>\nUM DOMINIO<br \/>\nUM EMAIL VALIDO<br \/>\nUMA VPS COM 3 VCPU + 4 GIGAS DE MEMORIA. Sugerimos a Hetzner.<br \/>\nOs dados de loguin da onde esta hospedado a sua VPS.<\/p>\n<p>APONTAR SUB-DOMINIOS PARA O IP DA VPS<\/p>\n<p>SUGERIMOS USAR OS NOMES ABAIXO PARA MELHOR ORGANIZA\u00c7\u00c3O DAS INSTALA\u00c7\u00d5ES:<\/p>\n<p>traefik<br \/>\nwww.traefik<br \/>\nbasegeral<br \/>\nwww.basegeral<br \/>\nminios3<br \/>\nwww.minios3<br \/>\nminios3api<br \/>\nwww.minios3api<br \/>\nconstrutorfluxo<br \/>\nwww.construtorfluxo<br \/>\nviewer<br \/>\nwww.viewer<br \/>\nevolutionapiv2<br \/>\nwww.evolutionapiv2<br \/>\nphpmyadminsql<br \/>\nwww.phpmyadminsql<br \/>\nstorage<br \/>\nwww.storage<br \/>\nnpainel8<br \/>\nwww.npainel8<br \/>\nwebhookmaster<br \/>\nwww.webhookmaster<br \/>\nchatwoot<br \/>\nwww.chatwoot<br \/>\nnocodb<br \/>\nwww.nocodb<br \/>\npaineis<br \/>\nwww.paineis<br \/>\nwordpress01<br \/>\nwww.wordpress01<br \/>\nwordpress02<br \/>\nwww.wordpress02<br \/>\npgadin<br \/>\nwww.pgadin<br \/>\nperfexcrm<br \/>\nwww.perfexcrm<br \/>\npainel<br \/>\nwww.painel<br \/>\npainelapp<br \/>\nwww.painelapp<\/p>\n<p>* PODE INSTALAR QUANTOS WORPRESS QUISER. Necess\u00e1rio editar cada stack para cada inst\u00e2ncia do wordpress.<br \/>\n* PODE INSTALAR QUANTOS SITES\/SCRIPTS\/PAINEIS PHP\/HTML COM BANCO DE DADOS*.<br \/>\n** Necess\u00e1rio criar um banco de dados para cada site instalado.(SE O MESMO, EXIGIR ISSO)<\/p>\n<p>\u2705 &#8211; Caso queira que a INSTALA\u00c7\u00c3O* seja feita por nossos tecnicos, cobramos o valor A PARTE de 99,85 no PIX.<br \/>\n* ATEN\u00c7\u00c3O>> INSTALA\u00c7\u00c3O FEITA COM AGENDAMENTO PR\u00c9VIO.<\/p>\n<p>\ud83d\udc69\u200d\ud83e\uddb0 Prezado cliente, \u00c9 GRAVADO EM VIDEO, todas as conversas no WhatsApp, todos os nossos atendimentos, instala\u00e7\u00f5es e qualquer tipo de servi\u00e7os prestados por nossa ag\u00eancia. Fazemos essas grava\u00e7\u00f5es justamente para evitar fraudes. O conte\u00fado gravado ficar\u00e1 dispon\u00edvel apenas para controle interno e N\u00c3O ESTAR\u00c1 DISPONIVEL PARA CLIENTES.<\/p>\n<p>&#8212;&#8212;&#8212;&#8212;&#8212;&#8212;&#8212;&#8212;&#8212;&#8212;&#8212;&#8212;&#8212;&#8212;&#8212;&#8212;&#8212;&#8212;&#8212;&#8212;&#8212;&#8212;&#8212;&#8212;&#8211;<\/p>\n<p>Aproveite esse super B\u00f4nus ao contratar a VPS Hetnzer.<br \/>\nTenha 20 euros de b\u00f4nus na sua primeira assinatura.<br \/>\nLINK DA VPS HETZNER com 20 Euros de bonus.<br \/>\nUse o link abaixo para contratar a VPS HETZNER, e ganhe 20 Euros de b\u00f4nus.<\/p>\n<p>https:\/\/hetzner.cloud\/?ref=1aZqC8JwWDGk<\/p>\n<p>&#8212;&#8212;&#8212;&#8212;&#8212;&#8212;&#8212;&#8212;&#8212;&#8212;&#8212;&#8212;&#8212;&#8212;&#8212;&#8212;&#8212;&#8212;&#8212;&#8212;&#8212;&#8212;&#8212;&#8212;&#8211;<\/p>\n<p>Em caso de d\u00favidas, por favor, esclare\u00e7am com nossas atendentes. <\/p>\n","protected":false},"excerpt":{"rendered":"<p>Portainer Pro-max<br \/>\nTudo na mesma VPS.<br \/>\nWhaticket, Portainer, Typebot entre outros sistemas.<\/p>\n<p>TODOS OS SISTEMAS INSTALADOS EM UM \u00daNICA VPS. <\/p>\n<p>Sistema com Portainer Swarm + Traefik + os sistemas abaixo:<\/p>\n<p>N8N<br \/>\nREDIS<br \/>\nNOCODB<br \/>\nTYPEBOT<br \/>\nPOSTGRES<br \/>\nCHATWOOT<br \/>\nPG-ADMIN<br \/>\nPERFEX CRM<br \/>\nAPI EVOLUTION<br \/>\nMINIO STORAGE<br \/>\nMYSQL\/PHPMYADMIN<br \/>\nWORDPRESS (VARIAS INSTANCIAS)<br \/>\nSITES\/SCRIPTS\/PAINEIS PHP\/HTML COM BANCO DE DADOS<br \/>\nSTACK DO WHATICKET* PRO-MAX<br \/>\n*CODIGO FONTE VENDIDO A PARTE<\/p>\n<p>\ud83d\udc69\u200d\ud83e\uddb0 &#8211; Pagamento \u00fanico.<br \/>\n\u2705 &#8211; Os sistemas ser\u00e1 seu para sempre.<\/p>\n<p>\ud83d\udc69\u200d\ud83e\uddb0 &#8211; Voc\u00ea ter\u00e1 acesso por 1 ano a \ud83d\udc47.<br \/>\n\u2705 &#8211; C\u00f3digos fontes, arquivos e atualiza\u00e7\u00f5es.<br \/>\n\u2705 &#8211; Tutoriais de instala\u00e7\u00f5es e configura\u00e7\u00f5es em videos e textos.<br \/>\n\u2705 &#8211; Acesso ao nosso suporte avan\u00e7ado com t\u00e9cnicos altamente qualificados.<\/p>\n","protected":false},"featured_media":7430,"template":"","meta":{"_acf_changed":false,"_joinchat":[]},"product_brand":[],"product_cat":[244],"product_tag":[],"class_list":{"0":"post-151","1":"product","2":"type-product","3":"status-publish","4":"has-post-thumbnail","6":"product_cat-produtos-digitais","8":"first","9":"instock","10":"sale","11":"downloadable","12":"virtual","13":"purchasable","14":"product-type-simple"},"acf":[],"jetpack_likes_enabled":true,"jetpack_sharing_enabled":true,"_links":{"self":[{"href":"https:\/\/clickscertos.com.br\/loja_online\/wp-json\/wp\/v2\/product\/151","targetHints":{"allow":["GET"]}}],"collection":[{"href":"https:\/\/clickscertos.com.br\/loja_online\/wp-json\/wp\/v2\/product"}],"about":[{"href":"https:\/\/clickscertos.com.br\/loja_online\/wp-json\/wp\/v2\/types\/product"}],"wp:featuredmedia":[{"embeddable":true,"href":"https:\/\/clickscertos.com.br\/loja_online\/wp-json\/wp\/v2\/media\/7430"}],"wp:attachment":[{"href":"https:\/\/clickscertos.com.br\/loja_online\/wp-json\/wp\/v2\/media?parent=151"}],"wp:term":[{"taxonomy":"product_brand","embeddable":true,"href":"https:\/\/clickscertos.com.br\/loja_online\/wp-json\/wp\/v2\/product_brand?post=151"},{"taxonomy":"product_cat","embeddable":true,"href":"https:\/\/clickscertos.com.br\/loja_online\/wp-json\/wp\/v2\/product_cat?post=151"},{"taxonomy":"product_tag","embeddable":true,"href":"https:\/\/clickscertos.com.br\/loja_online\/wp-json\/wp\/v2\/product_tag?post=151"}],"curies":[{"name":"wp","href":"https:\/\/api.w.org\/{rel}","templated":true}]}}